he prime factors of n?
2
Let a(m) = m + 22. Let v be a(-9). Suppose -17*g + 188 = -v*g. List the prime factors of g.
47
Let i = 29 - 25. List the prime factors of i.
2
Suppose 0*g + 5*p = -4*g + 148, -2*g + p = -74. Let q = 23 - g. What are the prime factors of (-2)/6 - q/6?
2
Let a be 4060/(-21) - (-4)/(-6). What are the prime factors of 2/11 + a/(-22)?
3
Let q be (-2)/2*-4 - -1. Let g(z) = -5 + 4*z - 2*z + 0 - 5*z**2 + z**3. What are the prime factors of g(q)?
5
Suppose -3*t = -26 - 10. What are the prime factors of t?
2, 3
Let g = -8 - -2. List the prime factors of (-3)/g*2 - -19.
2, 5
Suppose 3*a = 12 + 3. Suppose 5*m + 3*u = 79 + 84, -85 = -3*m - a*u. List the prime factors of m.
5, 7
Let k = 55 + 33. Suppose 42 + k = 5*j. What are the prime factors of j?
2, 13
Suppose 0 = -2*l + 54 + 10. Suppose -l = -3*i - 8. Suppose 3*n + 4*u = 1, 4*n - i = -6*u + 2*u. What are the prime factors of n?
7
Let s be -1 + 24 + (-2 - 0). Let x = 33 - s. What are the prime factors of x?
2, 3
Let v(w) = 2*w**2 + 2*w. Let t be v(-2). Suppose -3*a - 6 = 3*f, 3*f - 3 = -t*a - 8. Let b(c) = -c**2 - 7*c - 3. What are the prime factors of b(f)?
3
Let x = -65 - -133. List the prime factors of x.
2, 17
Let x(g) = -g**3 + 6*g**2 - 8*g + 9. List the prime factors of x(4).
3
Let h = 123 + -32. What are the prime factors of h?
7, 13
Let m(x) = x**3 + 2*x**2 - 5*x - 4. Let s be m(-3). Suppose -2*p + 2 = -4*p, 4*a - s*p - 14 = 0. List the prime factors of 0 + 3/a - -6.
7
Suppose 4*y - 2*s = -8, -s + 4*s - 12 = 2*y. Suppose 4*c + c - 25 = y. Suppose c*i - 3*l + 0 = 63, -57 = -5*i - 3*l. List the prime factors of i.
2, 3
Suppose 5*g + 4*r - 155 - 4 = 0, -2*r = g - 33. What are the prime factors of g?
31
Let t(o) = 9*o**3 + o**2. Let r be t(-1). Let p be (-42)/8*r/3. Suppose -s + p = h, 2*s - 6 = -h + 19. List the prime factors of s.
11
Suppose -424 = -4*j - 2*k, j + 220 = 3*j + 3*k. List the prime factors of j.
2, 13
Let p(k) = 14*k - 5. List the prime factors of p(17).
233
Suppose -375 = 9*r - 4*r. What are the prime factors of (r/(-2))/((-9)/(-12))?
2, 5
Let q(r) = -41*r**3 - 2*r**2 + 1. Let b be q(-1). Let d = b + -12. What are the prime factors of d?
2, 7
Suppose 0 = 4*w - 8 - 8. Suppose 3*q - 38 = -0*q + 2*r, -r + 58 = w*q. What are the prime factors of q?
2, 7
Let d(z) = -13*z + 5. List the prime factors of d(-6).
83
Let y(u) = 103*u**2 + 1. What are the prime factors of y(1)?
2, 13
Let o = 370 + -46. What are the prime factors of o?
2, 3
Suppose -62 = 5*m - 587. Suppose p - m = -5*v, -12 = 5*p + 13. List the prime factors of v.
2, 11
Let c be (-2)/(-8) - 38/(-8). Suppose c*j - 40 = 40. What are the prime factors of j?
2
Let n = -38 + 26. Let x = 23 + n. Let o = 16 - x. List the prime factors of o.
5
Suppose 2*s = 97 + 27. List the prime factors of s.
2, 31
Suppose 4 = -3*h + 1. Let d be (6/2)/(h/(-9)). Let s = d - 13. What are the prime factors of s?
2, 7
Let c = 119 - -68. Let j = -134 + c. What are the prime factors of j?
53
Suppose -42 = 5*p + 2*d, -d + 1 + 14 = -2*p. Let t = 8 + p. Suppose -2*v + 12 + 18 = t. List the prime factors of v.
3, 5
Suppose 0*c - 15 = 3*c, 3*t = -c + 43. Let y(g) = -g**3 + 3*g**2 + g. Let h be y(2). Let v = t - h. What are the prime factors of v?
2, 5
Let b(m) = m**2 - 7*m. Let o(q) = q**2 - 7*q. Let f(y) = -6*b(y) + 5*o(y). Suppose h + 15 = 3*a - a, 3*a + 2*h = 12. List the prime factors of f(a).
2, 3
Let w be -46*(-1*3 + 2). Suppose w = 4*c - 2. What are the prime factors of c?
2, 3
Let p(x) = x**3 + 7*x**2 + x + 10. Let y be p(-7). Suppose 3*k - 19 = 5*b, -3*k = -2*k - 5*b - y. List the prime factors of k.
2
Let r(d) = -3*d**2 + 1. Let a be r(-1). Let i be (-1 - a)*(7 - 2). List the prime factors of 1*-1 + 4 + i.
2
Let d(k) = -k**3 + 11*k**2 - 8*k. What are the prime factors of d(10)?
2, 5
Suppose 4*p + 18 = 6*p. Let b = -2 + p. What are the prime factors of b?
7
Let w(x) = -9*x + 1. Let k be w(1). Let v be (k/(-10))/(6/45). Suppose 0 = -3*f + v. What are the prime factors of f?
2
Let f be -4*((-22)/(-8) + -2). Let q(t) be the second derivative of -7*t**3/6 - t**2 - 7*t. List the prime factors of q(f).
19
Let p(j) = j**3 - j**2 - j - 61. Let q be p(0). Let l = -35 - q. List the prime factors of l.
2, 13
Let u = 38 + 4. List the prime factors of u.
2, 3, 7
Suppose 2 = 2*f - 3*f, 4*k = f + 214. What are the prime factors of k?
53
Let a be (-1 - 3)/((-3)/6). Let n(k) = 2*k - 10. List the prime factors of n(a).
2, 3
Suppose -6*x + x + 2*d = -65, -20 = -2*x + 2*d. List the prime factors of x.
3, 5
Let x(u) = 0 + 6*u - 4*u - 6. Let a be x(4). Let n = 5 - a. List the prime factors of n.
3
Suppose -21 = 2*z - 85. What are the prime factors of z?
2
Let i = 3 - 5. What are the prime factors of (-46)/(-6) - i/6?
2
Suppose 3*c - 240 = c. What are the prime factors of c?
2, 3, 5
Suppose -2*l + l = 14. Let v = 25 + l. Let r = 0 + v. What are the prime factors of r?
11
Let q = 38 + -7. List the prime factors of q.
31
Suppose 0 = 2*l - p - 7, 0*l + 3*l + 2*p = 0. Let a(y) = -4*y**2 + 112 - 113 + 6*y**3 - 3*y**3 + 3*y. List the prime factors of a(l).
13
Let d be 3/2*(-2)/(-3). Suppose h + 2*i - 10 = 0, 4*h - 3*i + 3 = -d. What are the prime factors of h?
2
Let u(h) = h + 11. Let p be u(-6). Let f(k) = -3*k - 1. Let o be f(p). Let a = o + 28. List the prime factors of a.
2, 3
Let h(u) = 7*u**3 - 2*u. What are the prime factors of h(2)?
2, 13
Suppose g - s = -3*s + 3, -7 = -2*g - 5*s. Suppose 3*q - g = -10. List the prime factors of q/(-4) + 366/24.
2
Suppose -3*h = h - 460. List the prime factors of h.
5, 23
Let f = 13 - 0. Suppose -4*a + 52 = 2*d, -4*d - f = -a + 9. What are the prime factors of a?
2, 7
Suppose 195 = -5*q - 3*i, 4*q - i + 129 = 2*i. Let r = q - -71. Suppose -k - 10 = 4*t - 0, 0 = k - 5*t - r. What are the prime factors of k?
2, 5
Let l = 29 - 26. List the prime factors of l.
3
Let l = 1 + 0. Let b = 10 + l. List the prime factors of b.
11
Suppose 4*n - 5 = 3. Suppose -48 = -w + u, 0 = -5*w + n*u + 8 + 226. What are the prime factors of w?
2, 23
Let y = 5 - -1. Let c = y + -5. List the prime factors of 0 + c - (0 + -15).
2
Let f(d) = d**2 + 4*d + 2. Let z(i) = 4*i**2 + 13*i + 5. Let x(j) = -7*f(j) + 2*z(j). Let c be x(4). Let t = c + 3. What are the prime factors of t?
7
Let c(j) = j**3 + j**2 + j + 5. Suppose -2*z - 12 = z, 0 = 4*s + 5*z + 16. Let q = 1 - s. What are the prime factors of c(q)?
5
Let u = 0 - -2. Suppose -b - 2*x = -4, x - 11 = -u*b - 2*x. Suppose b = 2*m - 12. What are the prime factors of m?
11
Let p be 6*(1 - 2/4). Let w be p + (-9)/(-1) + -3. Suppose 0*j + 2*j - 6 = 4*u, w = -j + 5*u. What are the prime factors of j?
11
Suppose -z + 9*z - 1936 = 0. List the prime factors of z.
2, 11
Let r(o) = o**3 + 3*o**2 - 1. Let t = 4 - 2. Let b be (-1)/t + 6/(-4). What are the prime factors of r(b)?
3
Suppose 2*i - 15 = 7*i. What are the prime factors of (15 + i)*(-9)/(-4)?
3
Let l be 33/(-6) - 3/6. List the prime factors of (-2)/3 - 106/l.
17
Let h(w) = w - 4*w**3 - 2*w**2 + 9*w**3 + 0*w. Suppose -3*x - d + 3 = -3, -3*x + 4*d - 9 = 0. What are the prime factors of h(x)?
2
Suppose -3*d + 2*j + 3 = -2*j, 3*j = 2*d - 1. Suppose d*a = 37 + 63. List the prime factors of a.
2, 5
Suppose -2*v - 2 = 0, -h + 1 = -2*v + 7*v. Let r be 192/18 - (-2)/h. Suppose -2*a = -1 - r. List the prime factors of a.
2, 3
Let o = 19 + -10. Suppose -4 = -q + o. List the prime factors of q.
13
Suppose 0 = -3*t + 5*t + 92. Let w = t - -77. What are the prime factors of w?
31
Let i(x) = 11*x + 32. List the prime factors of i(0).
2
Let v(u) = u + 1. Let i be v(5). Let h(a) = -a**2 + 9*a - 7. What are the prime factors of h(i)?
11
Let a(w) = w**2 + 2*w - 3. Let g be a(-4). Let f = -2 + g. Suppose 0 = -3*k + k + 2, c - 5 = f*k. What are the prime factors of c?
2
Let o = 33 + -14. Suppose -3*r - 5*n + 19 = 0, -3*n + 8 - o = -r. What are the prime factors of r?
2
Let g = 6 - 6. Suppose 5*o = -g*o + 15. Suppose -o*h = -16 - 17. What are the prime factors of h?
11
Let l(f) = 3*f**2 - f + 9. What are the prime factors of l(3)?
3, 11
Suppose 2*l + 0*l - 2 = 0. Let j be (l/(-3))/(1/3). Let z = j + 4. What are the prime factors of z?
3
Suppose 2*p = -2*o + 278, 6*p = p + 4*o + 740. List the prime factors of p.
2, 3
Suppose 5*i - 262 - 228 = 0. What are the prime 